 s(-1). Let z = 301 + p. List the prime factors of z.
2, 5, 29
Let w(z) = -z**3 + 58*z**2 + 28*z - 221. What are the prime factors of w(41)?
2, 461
Suppose -1016872 = -49*g + 1276143 + 1009438. List the prime factors of g.
11, 557
Let d = -12 - -15. Let g be (-4)/4 + d*18. Suppose 2*n + 5*k + g - 260 = 0, 0 = 5*n + 4*k - 475. What are the prime factors of n?
7, 13
Let x = 19684 + 13083. What are the prime factors of x?
7, 31, 151
Let c(v) = -668*v**2 + 2*v - 19. Let f(a) = 1002*a**2 - 2*a + 29. Let g(u) = -8*c(u) - 5*f(u). What are the prime factors of g(1)?
5, 67
What are the prime factors of 120794/4 + (-245)/(-490)?
13, 23, 101
Let n(d) = 6*d**2 + 8*d + 5 - d**3 + 6*d + 4. Let v(f) = 574*f + 5747. Let s be v(-10). List the prime factors of n(s).
2, 29
Let i(z) = 11 - 9 + 1161*z - 14 - 345*z. List the prime factors of i(1).
2, 3, 67
Suppose 8*f + 79470 = -7*f. Let q be f/(-21) + 14/(-49). Suppose -148 - q = -4*o. List the prime factors of o.
2, 5
Let i(h) = -h**2 + 20*h - 11. Suppose 10*x - 4 = 8*x. Suppose 18 = x*l - 18. List the prime factors of i(l).
5
Let h = 12694 + -10018. List the prime factors of h.
2, 3, 223
Let h = 33074 + -12058. List the prime factors of h.
2, 37, 71
Let v(d) = 1023*d**2 - 2*d - 3. Suppose 0 = -9*i + 6 - 15. What are the prime factors of v(i)?
2, 7, 73
Let g(x) = x + 6. Let v be g(0). Suppose v*w - 41 = -17. Suppose 3*c - 373 = -w*u, 4*u + 6*c = c + 379. What are the prime factors of u?
7, 13
Let u(s) = 3*s**3 - 8*s**2 + 9*s - 31. Let z be u(3). Suppose t + 2676 = 5*t + p, 0 = -z*t - p + 3346. List the prime factors of t.
2, 5, 67
Suppose 0*c + 7*c = 112. Suppose 8976 = 6*o + c*o. List the prime factors of o.
2, 3, 17
Let i = -57 + 54. Let o(p) = -23*p + 3. Let t be o(i). Let l = -30 + t. What are the prime factors of l?
2, 3, 7
Suppose -2*x = -4*l - 164, -5*x + x = -4*l - 156. Let s = l + 59. Suppose p + 2160 = s*p. What are the prime factors of p?
2, 3
Suppose 38*j - 106303 - 33727 = 0. List the prime factors of j.
5, 11, 67
Let b(r) = 3*r**2 - 2*r. Let q be b(2). Suppose 1153 - 305 = q*w. Suppose 68*u = 70*u - w. List the prime factors of u.
53
Let o(a) = -a**3 - 8*a**2 + 18*a - 39. Let f be o(-12). What are the prime factors of (-2 + -3*(-38)/18)*f?
13, 107
Let d = -75 + 67. What are the prime factors of d/6*-6*214/8?
2, 107
Let v = 358 + -243. Suppose 0*n + n = -v. Let d = n + 225. What are the prime factors of d?
2, 5, 11
Suppose 0 = 7*n - 5*n - 14. Suppose n*y - 219 = 3*y + 5*x, 5*y - 310 = -x. List the prime factors of y/2*(1 - -1).
61
Suppose -3*o = -2*q - 30120, -2*o + 21*q + 20100 = 23*q. List the prime factors of o.
2, 3, 31
Let h = 2530 - 1273. What are the prime factors of h?
3, 419
Suppose -2*f = -12, 2*s + 13*f - 18360 = 17*f. What are the prime factors of s?
2, 3, 383
Suppose -3*n + 8 = -1. Let s = -610 - -614. Suppose -31 = -2*v + 5*x, n*v - s*x - x = 39. What are the prime factors of v?
2
Suppose -2*u + 62 = 50. Let z be (-511)/21 - u/9. Let l = z + 47. What are the prime factors of l?
2, 11
Let y(i) = 2887*i**2 + 260*i - 3. List the prime factors of y(-2).
3, 5, 7
Let j = -13291 + 25184. What are the prime factors of j?
7, 1699
Let r = -584 + 566. What are the prime factors of 9/r + (-12355)/(-10)?
5, 13, 19
Let a = 4383 + -1494. List the prime factors of a.
3, 107
Let i = 136 - 131. Suppose 3*x - 4*n = 1184, -5*n + 1291 + 659 = i*x. What are the prime factors of x?
2, 7
Let y(g) = -g - 14. Let m be y(-5). Let k(o) = o**2 - 3*o + 39. Let r be k(m). Suppose -r = -p - 0*b - 3*b, -4*b = -4*p + 620. What are the prime factors of p?
3, 17
Suppose 11*j - 4 = 13*j. Let o(r) = r**3 + 3*r**2 + 2*r. Let f be o(j). Suppose 3*v - 4*z = 183, f*v + 219 = 4*v + 3*z. What are the prime factors of v?
3, 19
Let o(k) = 352*k**2 + 4*k + 1. Let z(v) = 703*v**2 + 8*v + 1. Let l(t) = -11*o(t) + 6*z(t). List the prime factors of l(1).
3, 5, 23
Let b(g) = -535*g**2 - 107*g**2 + 1 + 1276*g**2. What are the prime factors of b(1)?
5, 127
Let m be 18/4*8756/(-33). Let g = 1731 + m. List the prime factors of g.
3, 179
Suppose 0 = -b + 2*i + 15737, -2*b + 4*i + 31450 = 6*i. List the prime factors of b.
3, 7, 107
Suppose -771 + 9171 = 21*u. Suppose -137 - u = -z. List the prime factors of z.
3, 179
Let l be 8/(-40) + (-424)/(-20). Suppose -51 = 18*j - l*j. What are the prime factors of j?
17
List the prime factors of ((-237515)/10 + -4)*92/(-138).
3, 5279
Suppose 175*w - 143*w = 1784864. What are the prime factors of w?
17, 193
Let h be 5*2/5 + -3 + 5. Suppose -o - 1771 = -3*a - 2*o, -2*a = -h*o - 1162. List the prime factors of a.
19, 31
Suppose -30 = -7*s - 3*s. Suppose s*b - 2 = 2*b, 3*y = -4*b + 443. Suppose -y = -4*x + 3*x - 4*p, -x + 5*p + 127 = 0. What are the prime factors of x?
137
Let l(x) = 54*x**2 - 30*x**2 + 4 - 24*x**2 + 8*x**2 - 3*x. Let d(o) = 2*o - 4. Let k be d(3). List the prime factors of l(k).
2, 3, 5
Let x(b) = 3462*b - 1995. List the prime factors of x(4).
3, 439
Suppose 6*i + 3*f - 6 = 7*i, -2*f = -6. List the prime factors of ((-167)/(-6 + 7))/((-1)/i).
3, 167
Suppose 5*k - 1 = -5*q - 6, q = -3. Suppose -r - k*z = -4*z, 0 = -3*r + 3*z + 6. Suppose 5*p + 359 = 6*s - 3*s, 240 = 2*s - r*p. List the prime factors of s.
2, 59
Let k = -266 + 917. Suppose 9*s - k = 6. List the prime factors of s.
73
Let d = 353 - 41. Let p = -241 + d. List the prime factors of p.
71
Let v(n) = -3*n + 62. Let c be v(11). Suppose c*x = 24*x + 2830. What are the prime factors of x?
2, 283
Suppose 4*n + 4*b - 484 = 0, -3*n + 457 - 106 = -b. Let k be (-578)/9 + 26/117. Let c = n + k. What are the prime factors of c?
2, 3
Let h(u) = 10 + 19 - 4*u + 16*u - 6*u**2 + 8*u**2. Let j be h(-13). Let s = j - 120. What are the prime factors of s?
7, 13
Let x = -2327 - -12944. List the prime factors of x.
3, 3539
Suppose -57409 - 93407 = -8*p. List the prime factors of p.
2, 3, 1571
Let n = -111 - -113. Let c = 9 + -13. List the prime factors of (n + 60 + c)/1.
2, 29
Let t(y) = -y**3 + 11*y**2 + 31*y - 44. Let s be t(13). Suppose s*m - 798 + 189 = 0. What are the prime factors of m?
29
Suppose 0 = 3*f + 18, -h - 844*f + 8833 = -846*f. What are the prime factors of h?
8821
Suppose 5*c - s = 40987, -3*c - 4*s - 2248 = -26831. List the prime factors of c.
7, 1171
Suppose 0 = 3*g + 3*b - 9, -10 = -5*g + b - 1. What are the prime factors of 2 - (g + -7 + -53)?
2, 3, 5
What are the prime factors of ((-27)/(-2))/((-11)/((-332376)/36))?
3, 1259
Suppose 14*k - 18*k = 4*w + 24, -14 = -w + 4*k. List the prime factors of (-9548)/(-11) + (0 + 2)*w.
2, 3
Let p = 5 - 8. Let o be (-7)/(21/(-12)) + 10/(-2). What are the prime factors of (-85)/(2 + o)*(p + 2)?
5, 17
Suppose 5*w = 9*w. Let k(c) = 287. Let i(p) = -2*p - 287. Let a(s) = -3*i(s) - 2*k(s). List the prime factors of a(w).
7, 41
Suppose -92*f - 697492 = -133*f + 402743. What are the prime factors of f?
3, 5, 1789
Suppose 0 = -h + 2*a + 9382, -2*h - 3*a + 13068 = -5724. What are the prime factors of h?
2, 3, 5, 313
Let r be 6/(144/(-632))*-51. Suppose 8*p - r - 1617 = 0. List the prime factors of p.
2, 5, 37
Let a be (-7 - -6 - -2)*(1 - -3). Suppose a*u = 4*s - 16, -7 = 2*s - 4*u - 23. What are the prime factors of 2 + -3 + s + 97 - 2?
2, 47
Let j = -71527 + -121903. What are the prime factors of j/(-414) + (-4)/18?
467
Suppose 38*x - 2*c + 50564 = 43*x, -2*x + 3*c + 20237 = 0. What are the prime factors of x?
2, 13, 389
Suppose 0 = 34*x - 128 - 110. Let j = 7 - -29. Let w = j - x. List the prime factors of w.
29
Let c(l) = -325*l - 50. Let w be c(-7). Suppose -4 = -o, -5*y + w = 4*o + o. What are the prime factors of y?
3, 7
Suppose -91940 = -4*r - 3*c, 2*r - 59922 = -4*c - 13942. What are the prime factors of r?
2, 11491
Suppose -18*m = -m + 204. Let u be (-2205)/m - (-1 - -2)/(-4). List the prime factors of 1 + -6 + u/1.
179
Let i(h) = 16*h + 180. Let r be i(-11). Suppose 2*n - 1175 = n - r*f, f = -3*n + 3547. List the prime factors of n.
7, 13
Suppose -99 = a - 5*x, a + x + 85 = 16. Let s = 79 + a. Suppose -t = -1, 3*t - 4*t + 781 = s*k. What are the prime factors of k?
2, 3, 13
Let s be ((192/(-40))/6)/((-2)/220). Let t = -15 + 15. Suppose 0*k + k - s = t. List the prime factors of k.
2, 11
Suppose -4*d + 0*d = -3*d. Suppose -4*n - 16 = 0, 3*n + d + 12 = -2*q. Suppose -4*i + 14 = r, -38 =